01 (base 2) in base 13?
10
What is 422 (base 9) in base 11?
293
Convert 2 (base 10) to base 14.
2
7 (base 13) to base 14
7
Convert ed (base 16) to base 8.
355
What is -20 (base 3) in base 2?
-110
-1 (base 8) to base 2
-1
-175 (base 9) to base 14
-a9
What is 2 (base 10) in base 7?
2
What is -31 (base 15) in base 9?
-51
What is -22 (base 8) in base 12?
-16
-11201 (base 4) to base 13
-212
Convert -3 (base 15) to base 6.
-3
What is 11 (base 8) in base 13?
9
Convert 1010 (base 4) to base 14.
4c
12 (base 3) to base 12
5
Convert -40 (base 14) to base 6.
-132
-12 (base 9) to base 11
-10
1020 (base 3) to base 7
45
5 (base 8) to base 16
5
5 (base 15) to base 3
12
Convert -18 (base 14) to base 4.
-112
What is -16 (base 12) in base 4?
-102
What is 4 (base 14) in base 2?
100
-8 (base 16) to base 10
-8
-64 (base 11) to base 3
-2121
Convert -1000 (base 2) to base 11.
-8
Convert 4 (base 7) to base 4.
10
21 (base 16) to base 5
113
What is -6 (base 13) in base 10?
-6
What is -5 (base 13) in base 15?
-5
What is 26 (base 7) in base 2?
10100
-12 (base 9) to base 12
-b
1a (base 15) to base 6
41
Convert -4 (base 16) to base 9.
-4
What is -210 (base 3) in base 8?
-25
Convert 71 (base 11) to base 4.
1032
Convert -7 (base 9) to base 8.
-7
What is -2a (base 12) in base 10?
-34
Convert 0 (base 10) to base 3.
0
Convert -3100 (base 4) to base 2.
-11010000
15 (base 6) to base 2
1011
35 (base 6) to base 14
19
Convert -1 (base 3) to base 10.
-1
Convert -36 (base 13) to base 2.
-101101
-2 (base 9) to base 12
-2
Convert -2 (base 10) to base 5.
-2
Convert 8 (base 10) to base 8.
10
What is -10 (base 2) in base 6?
-2
Convert 7 (base 14) to base 6.
11
0 (base 16) to base 15
0
What is -2 (base 9) in base 15?
-2
What is 12 (base 3) in base 2?
101
What is 0 (base 14) in base 10?
0
-ab (base 13) to base 8
-215
What is -5 (base 11) in base 10?
-5
What is -4 (base 10) in base 4?
-10
81 (base 12) to base 13
76
0 (base 15) to base 8
0
Convert -32 (base 6) to base 12.
-18
Convert -33 (base 10) to base 5.
-113
Convert 1a2 (base 13) to base 4.
10231
What is -2 (base 8) in base 3?
-2
-2 (base 5) to base 16
-2
Convert 106 (base 11) to base 10.
127
What is 2a (base 12) in base 13?
28
What is 136 (base 7) in base 11?
6a
1 (base 6) to base 2
1
Convert 4 (base 10) to base 8.
4
Convert -20 (base 12) to base 14.
-1a
What is 16 (base 13) in base 9?
21
-13 (base 4) to base 14
-7
Convert -110 (base 5) to base 2.
-11110
What is -10 (base 14) in base 3?
-112
-9 (base 13) to base 5
-14
What is -112 (base 6) in base 3?
-1122
-c (base 14) to base 5
-22
Convert 101 (base 4) to base 16.
11
20 (base 3) to base 16
6
Convert -1 (base 4) to base 9.
-1
What is -14 (base 16) in base 2?
-10100
What is 5 (base 14) in base 2?
101
Convert 2 (base 6) to base 10.
2
What is cc (base 14) in base 10?
180
What is -22 (base 4) in base 11?
-a
What is 48 (base 9) in base 16?
2c
a (base 12) to base 13
a
What is -3002 (base 4) in base 8?
-302
Convert 110111 (base 2) to base 12.
47
Convert -76 (base 9) to base 8.
-105
What is 1 (base 2) in base 10?
1
-21100 (base 3) to base 2
-11000110
What is -24 (base 6) in base 4?
-100
Convert 141 (base 11) to base 7.
325
32 (base 11) to base 14
27
What is -11 (base 13) in base 9?
-15
What is 1031 (base 4) in base 8?
115
What is -1010 (base 4) in base 6?
-152
What is -1 (base 5) in base 2?
-1
What is -2 (base 3) in base 11?
-2
What is -11 (base 7) in base 2?
-1000
551 (base 6) to base 9
254
Convert -24 (base 6) to base 12.
-14
What is 14 (base 16) in base 8?
24
Convert -a (base 11) to base 7.
-13
What is -85 (base 12) in base 5?
-401
Convert -b (base 12) to base 14.
-b
Convert -27 (base 9) to base 6.
-41
68 (base 12) to base 3
2222
Convert 62 (base 15) to base 7.
161
-332 (base 6) to base 9
-152
Convert 442 (base 6) to base 2.
10101010
What is -2 (base 11) in base 9?
-2
Convert -1 (base 2) to base 7.
-1
What is -6 (base 16) in base 5?
-11
What is 17 (base 10) in base 4?
101
-14 (base 16) to base 3
-202
-22 (base 9) to base 10
-20
4 (base 15) to base 7
4
Convert 12 (base 3) to base 4.
11
10 (base 6) to base 2
110
What is -4 (base 15) in base 9?
-4
What is -9 (base 12) in base 6?
-13
Convert a2 (base 11) to base 9.
134
-5 (base 16) to base 7
-5
What is -111 (base 11) in base 5?
-1013
1 (base 16) to base 14
1
Convert 0 (base 16) to base 15.
0
21 (base 8) to base 4
101
Convert -12 (base 3) to base 16.
-5
Convert 103 (base 4) to base 16.
13
What is -1 (base 4) in base 11?
-1
Convert 3 (base 13) to base 8.
3
Convert 4 (base 7) to base 4.
10
What is -9 (base 12) in base 9?
-10
Convert 9 (base 12) to base 11.
9
Convert 11 (base 5) to base 11.
6
Convert -10011001 (base 2) to base 3.
-12200
What is -11 (base 13) in base 2?
-1110
51 (base 11) to base 3
2002
Convert 2 (base 16) to base 15.
2
Convert -3 (base 11) to base 8.
-3
What is -4 (base 13) in base 4?
-10
What is -b (base 13) in base 5?
-21
-3 (base 14) to base 8
-3
Convert -211 (base 3) to base 12.
-1a
-8 (base 15) to base 7
-11
What is -2 (base 9) in base 8?
-2
Convert -2 (base 10) to base 13.
-2
Convert -100000110 (base 2) to base 9.
-321
40 (base 6) to base 12
20
What is a2 (base 12) in base 5?
442
What is -5 (base 9) in base 16?
-5
Convert -15a (base 12) to base 8.
-326
-6 (base 15) to base 14
-6
What is -3 (base 11) in base 5?
-3
-1 (base 5) to base 11
-1
-61 (base 10) to base 8
-75
Convert -82 (base 9) to base 8.
-112
Convert 53 (base 7) to base 10.
38
-332 (base 4) to base 8
-76
What is -5 (base 15) in base 9?
-5
Convert 78 (base 13) to base 6.
243
-12 (base 15) to base 16
-11
Convert 211 (base 5) to base 12.
48
-8 (base 10) to base 16
-8
What is -31 (base 4) in base 8?
-15
-7a (base 13) to base 5
-401
6 (base 8) to base 15
6
Convert -3 (base 13) to base 6.
-3
What is -63 (base 12) in base 13?
-5a
What is 0 (base 10) in base 15?
0
65 (base 10) to base 2
1000001
Convert -1 (base 14) to base 7.
-1
What is 14 (base 7) in base 10?
11
Convert 7 (base 11) to base 16.
7
What is -1121 (base 4) in base 6?
-225
What is 5 (base 10) in base 15?
5
Convert 24 (base 9) to base 4.
112
Convert 11 (base 2) to base 7.
3
1 (base 3) to base 7
1
What is 3 (base 15) in base 12?
3
Convert -11 (base 2) to base 10.
-3
Convert -2 (base 16) to base 4.
-2
-7 (base 12) to base 11
-7
Convert 22121 (base 3) to base 11.
1a1
Convert 11 (base 7) to base 11.
8
Convert -120 (base 3) to base 8.
-17
Convert -6 (base 9) to base 6.
-10
What is -4b (base 16) in base 6?
-203
What is -16 (base 12) in base 6?
-30
What is 3a (base 14) in base 8?
64
What is -20 (base 13) in base 9?
-28
What is 1000 (base 3) in base 11?
25
5 (base 7) to base 15
5
-103 (base 4) to base 2
-10011
What is 1304 (base 5) in base 15?
d9
What is -17 (base 12) in base 10?
-19
Convert 110 (base 3) to base 14.
c
425 (base 7) to base 16
d7
-6 (base 7) to base 15
-6
What is -6 (base 9) in base 4?
-12
Convert 110001 (base 2) to base 16.
31
Convert 100 (base 2) to base 16.
4
Convert 42 (base 13) to base 3.
2000
-11 (base 3) to base 4
-10
What is 101 (base 3) in base 7?
13
-1003 (base 5) to base 9
-152
What is -1 (base 5) in base 3?
-1
Convert 33 (base 11) to base 5.
121
What is -10 (base 13) in base 8?
-15
-23 (base 12) to base 7
-36
Convert 225 (base 8) to base 10.
149
Convert 13 (base 13) to base 5.
31
What is 12 (base 9) in base 8?
13
-1010 (base 2) to base 6
-14
3 (base 11) to base 9
3
Convert a7 (base 15) to base 6.
421
Convert 9 (base 13) to base 3.
100
13 (base 6) to base 11
9
Convert 12 (base 9) to base 16.
b
Convert -4 (base 16) to base 4.
-10
8 (base 9) to base 12
8
What is -4 (base 12) in base 16?
-4
431 (base 8) to base 2
100011001
Convert -10001 (base 2) to base 15.
-12
10 (base 4) to base 11
4
1 (base 4) to base 8
1
Convert 5 (base 9) to base 14.
5
Convert -4 (base 13) to base 3.
-11
-51 (base 9) to base 4
-232
Convert -a (base 13) to base 8.
-12
Convert 7 (base 12) to base 15.
7
What is 4 (base 13) in base 15?
4
What is -3 (base 8) in base 10?
-3
What is 10 (base 4) in base 6?
4
Convert 3 (base 10) to base 11.
3
What is 4 (base 7) in base 13?
4
Convert -1 (base 13) to base 15.
-1
-11 (base 2) to base 8
-3
-10 (base 16) to base 5
-31
Convert 3 (base 7) to base 10.
3
What is -5 (base 14) in base 4?
-11
What is 3 (base 8) in base 2?
11
33 (base 7) to base 6
40
-17 (base 15) to base 11
-20
Convert -29 (bas